s the highest common divisor of 86089 and 3852155?
437
Calculate the highest common factor of 836 and 155797587.
209
What is the highest common divisor of 4682 and 1775859190?
4682
What is the greatest common divisor of 277001 and 79059?
19
Calculate the highest common divisor of 666840 and 37080.
120
What is the highest common factor of 267756 and 907676?
1684
What is the greatest common factor of 38664 and 362078694?
9666
What is the highest common factor of 1410 and 1720814055?
705
Calculate the highest common divisor of 980928 and 1876706.
3406
What is the highest common factor of 158133636 and 35373?
2721
What is the highest common divisor of 180 and 8839620?
180
What is the highest common divisor of 16 and 325164756?
4
Calculate the highest common factor of 689454042 and 12.
6
What is the greatest common divisor of 2373 and 35729470?
791
Calculate the highest common divisor of 14544 and 202680336.
4848
Calculate the greatest common factor of 1347955 and 12901.
133
What is the greatest common divisor of 17741069 and 347?
347
What is the highest common divisor of 63856376 and 89784?
9976
Calculate the greatest common divisor of 13416 and 2323752.
24
What is the highest common divisor of 165 and 11679345?
15
Calculate the greatest common factor of 2329 and 585701.
17
Calculate the highest common divisor of 193172379 and 3.
3
What is the highest common factor of 100404 and 1340?
4
What is the greatest common factor of 16128218 and 51432?
4286
Calculate the greatest common divisor of 34 and 5744351.
17
Calculate the greatest common divisor of 5663837 and 83.
83
Calculate the greatest common divisor of 6 and 14579106.
6
What is the highest common divisor of 3152786 and 8?
2
What is the greatest common divisor of 11528 and 4877654?
262
Calculate the highest common factor of 62300 and 136150.
350
What is the greatest common factor of 740 and 545162440?
740
What is the greatest common divisor of 622999097 and 1799?
1799
Calculate the highest common factor of 582176 and 1552.
16
What is the greatest common divisor of 409660364 and 295?
59
What is the greatest common factor of 375468133 and 87?
29
Calculate the greatest common factor of 21338790 and 770.
110
What is the greatest common factor of 299978 and 13818?
98
Calculate the greatest common divisor of 2520 and 2267272.
56
What is the greatest common divisor of 6836613 and 9632?
301
Calculate the highest common divisor of 1352 and 8758425.
169
What is the highest common factor of 2542639 and 154?
11
What is the highest common factor of 902961 and 27189?
1431
What is the greatest common factor of 2320766618 and 6614?
6614
What is the greatest common factor of 37138 and 7723506?
1198
What is the highest common factor of 56297717 and 686?
49
What is the highest common factor of 1785 and 1181823?
51
What is the highest common divisor of 70192 and 141660617?
4387
What is the highest common factor of 6548714 and 268?
134
What is the greatest common factor of 1456525 and 377?
29
Calculate the highest common divisor of 1800 and 1230700.
100
Calculate the highest common divisor of 16517946 and 2928.
366
Calculate the greatest common factor of 145530 and 412170.
330
What is the greatest common factor of 1966330014 and 1111?
1111
What is the greatest common divisor of 19763044 and 15708?
476
What is the highest common factor of 3801315 and 4725?
105
What is the greatest common factor of 129401728 and 28480?
5696
Calculate the highest common divisor of 1638450 and 49950.
450
Calculate the highest common factor of 43986368 and 104368.
9488
What is the highest common divisor of 84 and 7076376?
12
What is the greatest common factor of 1334 and 4251458?
1334
What is the highest common factor of 4694900 and 32?
4
What is the greatest common divisor of 9658288 and 697?
41
Calculate the greatest common divisor of 5435 and 11806994.
1087
Calculate the greatest common factor of 984177 and 387.
9
Calculate the highest common divisor of 2969490 and 42284.
1922
Calculate the highest common factor of 397385 and 149965.
445
Calculate the highest common divisor of 9455 and 7142307.
1891
Calculate the highest common factor of 1550448 and 1800.
72
Calculate the greatest common divisor of 4179771 and 297.
9
What is the greatest common divisor of 3683 and 961325611?
3683
Calculate the highest common factor of 651 and 1461222.
21
What is the highest common factor of 216 and 16093089?
9
What is the highest common divisor of 84963 and 795441?
669
What is the highest common factor of 9316 and 10257464?
548
Calculate the greatest common factor of 244098 and 1481778.
3438
What is the highest common factor of 8185 and 23370?
5
What is the greatest common factor of 7676029 and 13213?
181
What is the highest common divisor of 3295262 and 129?
43
Calculate the greatest common divisor of 14469666 and 822.
822
Calculate the highest common factor of 427680 and 57240.
1080
What is the highest common factor of 36 and 72470529?
9
What is the highest common divisor of 9 and 52367697?
9
What is the greatest common divisor of 15502732 and 445?
89
What is the highest common factor of 255180 and 9780?
60
Calculate the greatest common divisor of 5064606 and 1224.
306
What is the greatest common divisor of 129 and 15305291?
43
Calculate the highest common divisor of 15 and 89952315.
15
Calculate the highest common factor of 420754 and 11218.
158
Calculate the greatest common divisor of 4478 and 31460189.
2239
Calculate the greatest common divisor of 32575 and 14292607.
1303
Calculate the greatest common divisor of 966 and 132067426.
46
What is the highest common factor of 117026 and 1248?
26
What is the greatest common factor of 5404 and 160636?
28
What is the greatest common divisor of 226 and 45965236?
226
Calculate the highest common divisor of 636672 and 235008.
768
What is the highest common factor of 31 and 287593727?
31
Calculate the greatest common divisor of 17512 and 2269993.
2189
Calculate the greatest common divisor of 4001751 and 64021.
877
What is the highest common divisor of 5229 and 4410?
63
Calculate the greatest common divisor of 67126325 and 8575.
1225
Calculate the highest common factor of 404547 and 8484171.
2829
What is the highest common factor of 69369919 and 4601?
107
Calculate the highest common divisor of 1098848 and 644.
92
Calculate the greatest common divisor of 11847 and 79035.
33
Calculate the greatest common factor of 1003 and 2014551.
17
Calculate the highest common divisor of 67032 and 662088.
1176
What is the highest common factor of 46912 and 3783744?
64
What is the highest common divisor of 837424 and 336?
112
Calculate the highest common factor of 81567 and 381653.
1007
What is the greatest common factor of 300906739 and 217?
217
What is the greatest common factor of 340 and 43048964?
68
What is the greatest common divisor of 177210 and 5837190?
5370
What is the highest common divisor of 93 and 3186149?
31
What is the highest common divisor of 2561 and 325273?
13
What is the highest common factor of 1177 and 11724418?
107
Calculate the greatest common factor of 25152 and 56463096.
3144
Calculate the highest common factor of 4050 and 173100240.
810
What is the highest common factor of 7133295 and 2665?
65
What is the highest common factor of 283125 and 1010190?
2265
Calculate the greatest common factor of 9906270 and 858.
66
What is the greatest common divisor of 1130834 and 3293?
89
What is the highest common divisor of 18500127 and 2456?
307
What is the greatest common divisor of 351 and 1235793?
39
Calculate the greatest common factor of 3105 and 4268565.
135
What is the greatest common factor of 93152 and 254323?
41
Calculate the highest common divisor of 120 and 866647020.
60
Calculate the highest common factor of 15 and 335321625.
15
Calculate the highest common divisor of 5052229 and 2821.
91
What is the highest common factor of 12789716 and 4551?
37
Calculate the greatest common factor of 827214 and 4608.
6
What is the greatest common factor of 3183726 and 1836?
102
What is the highest common factor of 198 and 91828?
22
What is the greatest common divisor of 523 and 173415817?
523
What is the highest common factor of 3655 and 15258010?
85
Calculate the greatest common factor of 198969 and 80533.
